 thousands digit of 11589?
1
What is the units digit of 4038?
8
What is the hundreds digit of 31933?
9
What is the ten thousands digit of 54909?
5
What is the units digit of 11582?
2
What is the units digit of 12042?
2
What is the hundreds digit of 808?
8
What is the tens digit of 3751?
5
What is the tens digit of 30281?
8
What is the hundreds digit of 67928?
9
What is the tens digit of 36?
3
What is the units digit of 12330?
0
What is the hundreds digit of 4020?
0
What is the thousands digit of 43500?
3
What is the hundreds digit of 1674?
6
What is the tens digit of 473?
7
What is the ten thousands digit of 19452?
1
What is the tens digit of 5300?
0
What is the units digit of 4536?
6
What is the tens digit of 606?
0
What is the units digit of 787?
7
What is the units digit of 1040?
0
What is the units digit of 116?
6
What is the tens digit of 1348?
4
What is the ten thousands digit of 36054?
3
What is the hundreds digit of 12673?
6
What is the units digit of 899?
9
What is the thousands digit of 1149?
1
What is the hundreds digit of 66173?
1
What is the hundreds digit of 88224?
2
What is the units digit of 644?
4
What is the units digit of 29757?
7
What is the tens digit of 7907?
0
What is the units digit of 9905?
5
What is the thousands digit of 1376?
1
What is the hundreds digit of 43613?
6
What is the thousands digit of 12578?
2
What is the tens digit of 1209?
0
What is the units digit of 26323?
3
What is the units digit of 35782?
2
What is the tens digit of 1362?
6
What is the hundreds digit of 692?
6
What is the ten thousands digit of 104505?
0
What is the thousands digit of 3661?
3
What is the tens digit of 15674?
7
What is the hundreds digit of 46844?
8
What is the hundreds digit of 24940?
9
What is the units digit of 13083?
3
What is the units digit of 3023?
3
What is the units digit of 13863?
3
What is the units digit of 34866?
6
What is the hundreds digit of 1464?
4
What is the hundreds digit of 14143?
1
What is the units digit of 64205?
5
What is the units digit of 24969?
9
What is the hundreds digit of 154?
1
What is the tens digit of 20263?
6
What is the hundreds digit of 703?
7
What is the tens digit of 5901?
0
What is the units digit of 940?
0
What is the thousands digit of 8217?
8
What is the thousands digit of 32759?
2
What is the units digit of 1814?
4
What is the thousands digit of 1044?
1
What is the hundreds digit of 1689?
6
What is the units digit of 10461?
1
What is the units digit of 38245?
5
What is the thousands digit of 5259?
5
What is the thousands digit of 2349?
2
What is the hundreds digit of 22475?
4
What is the ten thousands digit of 16272?
1
What is the tens digit of 118008?
0
What is the tens digit of 3581?
8
What is the thousands digit of 9951?
9
What is the hundreds digit of 5971?
9
What is the tens digit of 1523?
2
What is the tens digit of 3269?
6
What is the thousands digit of 2435?
2
What is the thousands digit of 2146?
2
What is the units digit of 296?
6
What is the units digit of 505?
5
What is the units digit of 47?
7
What is the hundreds digit of 2613?
6
What is the ten thousands digit of 72382?
7
What is the thousands digit of 3577?
3
What is the tens digit of 10662?
6
What is the units digit of 1083?
3
What is the thousands digit of 2692?
2
What is the tens digit of 1605?
0
What is the units digit of 46152?
2
What is the ten thousands digit of 12555?
1
What is the units digit of 16898?
8
What is the units digit of 3531?
1
What is the ten thousands digit of 144228?
4
What is the hundred thousands digit of 122098?
1
What is the tens digit of 7928?
2
What is the tens digit of 32576?
7
What is the thousands digit of 1131?
1
What is the hundreds digit of 49834?
8
What is the thousands digit of 26103?
6
What is the tens digit of 24679?
7
What is the tens digit of 15866?
6
What is the units digit of 831?
1
What is the units digit of 346?
6
What is the thousands digit of 24427?
4
What is the hundreds digit of 86500?
5
What is the tens digit of 30821?
2
What is the hundreds digit of 4417?
4
What is the hundreds digit of 2129?
1
What is the tens digit of 1102?
0
What is the thousands digit of 12484?
2
What is the thousands digit of 8532?
8
What is the ten thousands digit of 26864?
2
What is the units digit of 1600?
0
What is the ten thousands digit of 24871?
2
What is the units digit of 546?
6
What is the tens digit of 138?
3
What is the units digit of 138?
8
What is the tens digit of 2646?
4
What is the hundreds digit of 1643?
6
What is the tens digit of 2907?
0
What is the thousands digit of 34584?
4
What is the tens digit of 6695?
9
What is the hundreds digit of 529?
5
What is the tens digit of 7017?
1
What is the units digit of 3545?
5
What is the tens digit of 1600?
0
What is the hundreds digit of 9095?
0
What is the tens digit of 12685?
8
What is the hundreds digit of 1068?
0
What is the tens digit of 1818?
1
What is the hundreds digit of 5279?
2
What is the units digit of 3494?
4
What is the units digit of 28?
8
What is the hundreds digit of 16172?
1
What is the hundreds digit of 417?
4
What is the hundreds digit of 5972?
9
What is the tens digit of 7766?
6
What is the tens digit of 6433?
3
What is the tens digit of 5196?
9
What is the units digit of 4270?
0
What is the tens digit of 37034?
3
What is the tens digit of 61687?
8
What is the hundreds digit of 705?
7
What is the hundreds digit of 980?
9
What is the thousands digit of 178147?
8
What is the hundreds digit of 4771?
7
What is the tens digit of 45962?
6
What is the ten thousands digit of 91357?
9
What is the units digit of 4959?
9
What is the thousands digit of 4045?
4
What is the tens digit of 918?
1
What is the hundreds digit of 826?
8
What is the hundreds digit of 17288?
2
What is the tens digit of 5219?
1
What is the tens digit of 1962?
6
What is the ten thousands digit of 21501?
2
What is the tens digit of 944?
4
What is the units digit of 42495?
5
What is the units digit of 19490?
0
What is the ten thousands digit of 109269?
0
What is the units digit of 1917?
7
What is the tens digit of 6216?
1
What is the hundreds digit of 2033?
0
What is the hundreds digit of 1579?
5
What is the units digit of 28809?
9
What is the thousands digit of 2013?
2
What is the ten thousands digit of 30388?
3
What is the hundreds digit of 113?
1
What is the thousands digit of 3077?
3
What is the hundreds digit of 48539?
5
What is the tens digit of 7156?
5
What is the tens digit of 4559?
5
What is the thousands digit of 34329?
4
What is the ten thousands digit of 24510?
2
What is the hundreds digit of 11306?
3
What is the units digit of 457?
7
What is the tens digit of 250?
5
What is the hundreds digit of 73373?
3
What is the thousands digit of 9607?
9
What is the hundred thousands digit of 147013?
1
What is the units digit of 17611?
1
What is the hundred thousands digit of 103707?
1
What is the thousands digit of 2957?
2
What is the units digit of 59130?
0
What is the hundreds digit of 34681?
6
What is the thousands digit of 30979?
0
What is the hundred thousands digit of 126168?
1
What is the ten thousands digit of 16298?
1
What is the units digit of 2531?
1
What is the ten thousands digit of 32800?
3
What is the tens digit of 937?
3
What is the units digit of 2467?
7
What is the tens digit of 86404?
0
What is the units digit of 754?
4
What is the units digit of 3502?
2
What is the hundred thousands digit of 109942?
1
What is the tens digit of 33274?
7
What is the hundreds digit of 3926?
9
What is the thousands digit of 10415?
0
What is the thousands digit of 4598?
4
What is the hundreds digit of 8539?
5
What is the thousands digit of 28169?
8
What is the thousands digit of 1780?
1
What is the units digit of 145371?
1
What is the units digit of 1055?
5
What is the hundreds digit of 11453?
4
What is the tens digit of 6564?
6
What is the thousands digit of 64857?
4
What is the tens digit of 3570?
7
What is the tens digit of 99322?
2
What is the tens digit of 10369?
6
What is the thousands digit of 4454?
4
What is the units digit of 8440?
0
What is the tens digit of 394?
9
What is the units digit of 1375?
5
What is the hundreds digit of 9530?
5
What is the hundreds digit of 15730?
7
What is the units digit of 34575?
5
What is the thousands digit of 7165?
7
